o base 10
697
3023221 (base 5) to base 7
261402
-49a8 (base 12) to base 7
-33206
What is 3310 (base 4) in base 2?
11110100
Convert -276 (base 11) to base 15.
-16a
What is -1502 (base 9) in base 15?
-50b
Convert b9 (base 13) to base 15.
a2
-222664 (base 7) to base 11
-276a7
-122232 (base 4) to base 16
-6ae
What is -211312 (base 4) in base 2?
-100101110110
-3002 (base 5) to base 4
-11321
What is -1cc (base 14) in base 4?
-11320
Convert -1222411 (base 5) to base 2.
-101101110111001
What is -64230 (base 8) in base 7?
-141031
What is -21112 (base 4) in base 7?
-1513
386 (base 12) to base 13
321
What is -110020 (base 5) in base 6?
-25224
-92d (base 15) to base 13
-c31
Convert 2e79 (base 16) to base 7.
46454
1043001 (base 5) to base 9
27336
-1100 (base 5) to base 3
-12120
What is -21202211 (base 3) in base 11?
-4290
Convert 102012212 (base 3) to base 13.
3950
What is 16 (base 15) in base 13?
18
10011000010 (base 2) to base 3
1200010
Convert -5620 (base 7) to base 12.
-1207
What is -bb (base 15) in base 7?
-341
What is 454 (base 12) in base 2?
1010000000
What is 184e (base 15) in base 5?
131444
Convert -121120 (base 3) to base 5.
-3242
What is -59c (base 14) in base 4?
-101132
What is 316545 (base 7) in base 12?
27b06
-12844 (base 14) to base 10
-45532
What is -2720 (base 16) in base 4?
-2130200
4128a (base 11) to base 8
165513
What is -1412 (base 9) in base 2?
-10000101000
-1a9 (base 14) to base 12
-249
Convert -10344 (base 8) to base 10.
-4324
Convert -4311 (base 8) to base 12.
-1375
Convert -151 (base 15) to base 14.
-177
Convert 153341 (base 7) to base 15.
8d62
Convert 10133330 (base 4) to base 15.
56d8
What is 2c45 (base 15) in base 7?
36512
What is 1110000000110011 (base 2) in base 3?
2220201202
What is -50156 (base 8) in base 11?
-14519
Convert 5671 (base 11) to base 2.
1110100100011
Convert -6a9b (base 13) to base 12.
-8820
What is -148 (base 14) in base 10?
-260
221 (base 14) to base 10
421
Convert 9290 (base 12) to base 7.
64332
What is -2aa (base 12) in base 13?
-262
What is -306 (base 14) in base 10?
-594
What is 2121 (base 7) in base 16?
2ee
220212120 (base 3) to base 12
a5b0
2300 (base 8) to base 14
62c
-b623 (base 12) to base 9
-30260
What is 1a2 (base 14) in base 6?
1322
Convert -102200022 (base 3) to base 6.
-103225
What is -11010001111 (base 2) in base 12?
-b7b
What is 1010111220 (base 3) in base 16?
56e5
Convert 4121 (base 5) to base 9.
655
What is -9290 (base 10) in base 15?
-2b45
What is -662 (base 9) in base 7?
-1403
Convert 2064 (base 9) to base 6.
11004
Convert -8dd (base 16) to base 11.
-1783
What is -49386 (base 10) in base 9?
-74663
Convert -211302 (base 4) to base 16.
-972
Convert -22a7 (base 12) to base 3.
-12022101
Convert 11015 (base 7) to base 2.
101011000100
Convert 1001221120 (base 3) to base 7.
115344
What is 57 (base 16) in base 2?
1010111
Convert -77c0 (base 14) to base 4.
-11010030
What is -976 (base 11) in base 4?
-102110
What is 146724 (base 8) in base 14?
152ba
41452 (base 8) to base 7
101062
What is 1011112000 (base 3) in base 7?
123663
What is 610 (base 14) in base 9?
1562
Convert -201100 (base 3) to base 11.
-435
Convert -3601 (base 11) to base 12.
-2894
What is 619 (base 12) in base 8?
1565
What is -2cae (base 15) in base 10?
-9614
-751 (base 8) to base 5
-3424
What is 26397 (base 11) in base 2?
1001001101101001
What is 100121 (base 3) in base 13?
16c
-3d1b (base 14) to base 9
-15735
-7ecb (base 16) to base 3
-1122112012
220100200 (base 3) to base 9
26320
What is 110011111001 (base 2) in base 9?
4500
What is 27059 (base 11) in base 10?
38663
What is 10230 (base 5) in base 13?
411
Convert -16a5 (base 14) to base 11.
-3066
-90 (base 15) to base 7
-252
Convert -1336 (base 7) to base 10.
-517
Convert 11000112 (base 3) to base 15.
d05
Convert -10240 (base 5) to base 10.
-695
What is -212111 (base 3) in base 2?
-1001111010
What is 4334 (base 6) in base 4?
33202
What is -1515c (base 13) in base 15?
-bbcc
Convert -1473 (base 13) to base 6.
-21423
-529 (base 14) to base 13
-603
What is -11254 (base 7) in base 12?
-1801
11 (base 7) to base 2
1000
Convert -5b3a (base 12) to base 10.
-10270
Convert -503553 (base 6) to base 16.
-9b3d
Convert -441422 (base 6) to base 3.
-1212021212
533 (base 10) to base 6
2245
Convert -112014 (base 5) to base 11.
-3015
What is -1215 (base 13) in base 2?
-100111111001
What is 12614 (base 7) in base 15?
1012
What is -102c (base 13) in base 12?
-1363
What is -5a0e (base 16) in base 4?
-11220032
11574 (base 12) to base 5
1221042
-7059 (base 11) to base 8
-22245
Convert -120223 (base 4) to base 7.
-4414
-4939 (base 13) to base 6
-115541
Convert -230013 (base 4) to base 7.
-11142
-47541 (base 8) to base 6
-234025
Convert 632 (base 11) to base 4.
23321
What is 7788 (base 11) in base 13?
4893
-564 (base 11) to base 2
-1010100011
Convert 35423 (base 7) to base 13.
4205
Convert 3839 (base 11) to base 10.
5003
-2912 (base 12) to base 13
-2228
Convert -473e (base 15) to base 3.
-202202112
Convert -600 (base 13) to base 12.
-706
What is -1022011 (base 3) in base 14?
-4bb
What is -191 (base 16) in base 2?
-110010001
Convert 1917 (base 11) to base 16.
986
What is 3300 (base 5) in base 15?
200
What is 2612 (base 10) in base 3?
10120202
What is 4111 (base 6) in base 3?
1020121
What is -445 (base 8) in base 6?
-1205
Convert 43040 (base 6) to base 7.
23034
-4052 (base 6) to base 14
-480
What is -100101001111 (base 2) in base 14?
-c23
Convert 15324 (base 7) to base 6.
31453
What is -1012122 (base 3) in base 4?
-31301
-1090 (base 11) to base 8
-2626
What is a11 (base 11) in base 4?
103012
Convert -465 (base 10) to base 12.
-329
What is 20613 (base 8) in base 6?
103431
-518 (base 14) to base 4
-33222
48131 (base 9) to base 6
405001
What is 1010000111 (base 2) in base 15?
2d2
-100 (base 16) to base 8
-400
What is 1108 (base 10) in base 12?
784
Convert -248 (base 14) to base 8.
-710
Convert -13004 (base 8) to base 6.
-42032
Convert -10300 (base 8) to base 9.
-5784
What is -10100111001 (base 2) in base 9?
-1745
What is -334562 (base 7) in base 10?
-59285
1508 (base 10) to base 6
10552
100000110001 (base 2) to base 14
a9b
What is 20630 (base 7) in base 16?
13fd
362 (base 15) to base 3
1001102
Convert 11294 (base 11) to base 3.
211101100
What is -10011110111100 (base 2) in base 16?
-27bc
What is 101111001111 (base 2) in base 6?
21555
Convert -1117 (base 10) to base 13.
-67c
Convert -678 (base 15) to base 2.
-10110110111
Convert -508 (base 15) to base 3.
-1112222
What is 2632 (base 9) in base 16?
7b5
Convert -1243 (base 9) to base 4.
-32202
Convert 68 (base 15) to base 14.
70
What is -5a0 (base 12) in base 11?
-6a4
9a5 (base 13) to base 7
4554
221020000 (base 3) to base 12
a783
Convert 300110 (base 4) to base 16.
c14
Convert dc (base 15) to base 5.
1312
What is 44 (base 15) in base 7?
121
What is 463 (base 7) in base 12?
181
Convert 120120121 (base 3) to base 5.
330411
-1010110 (base 3) to base 12
-586
What is 1004042 (base 5) in base 3?
211011001
35524 (base 9) to base 14
892b
Convert -225552 (base 7) to base 12.
-1b479
Convert 10013 (base 6) to base 5.
20210
Convert -4304 (base 6) to base 11.
-808
Convert -1044314 (base 5) to base 16.
-4915
What is -225112 (base 6) in base 12?
-b198
Convert -9909 (base 12) to base 6.
-210013
Convert -2201221 (base 3) to base 14.
-a28
162 (base 7) to base 14
69
Convert -4595 (base 11) to base 14.
-22ad
What is -315 (base 12) in base 16?
-1c1
Convert -12231 (base 4) to base 9.
-526
-608b (base 12) to base 3
-112100222
Convert 10001011001 (base 2) to base 12.
789
3221 (base 7) to base 13
69b
a699 (base 14) to base 5
1410001
40501 (base 7) to base 3
111111211
-110012200 (base 3) to base 13
-4089
Convert 368 (base 11) to base 5.
3222
Convert -227 (base 11) to base 7.
-535
Convert 32211 (base 4) to base 2.
1110100101
What is 113303 (base 6) in base 8?
23147
Convert 3134 (base 15) to base 2.
10100010011111
Convert -8912 (base 12) to base 8.
-35436
What is 637a (base 12) in base 15?
3364
Convert 935 (base 10) to base 5.
12220
Convert -100110001111110 (base 2) to base 5.
-1111312
515 (base 8) to base 16
14d
Convert 1167 (base 11) to base 13.
904
b42 (base 13) to base 15
878
Convert -482 (base 9) to base 12.
-292
What is 14545 (base 7) in base 3?
12120001
-3c7 (base 13) to base 4
-221